e remainder when 80703 is divided by 26809?
276
What is the remainder when 10380046 is divided by 9?
4
What is the remainder when 29225073 is divided by 696?
33
What is the remainder when 168780 is divided by 33751?
25
What is the remainder when 2579166 is divided by 1289516?
134
Calculate the remainder when 3528022 is divided by 296.
294
Calculate the remainder when 174762 is divided by 874.
836
Calculate the remainder when 316189 is divided by 26322.
325
What is the remainder when 16654856 is divided by 8327419?
18
Calculate the remainder when 124697 is divided by 1767.
1007
Calculate the remainder when 51753289 is divided by 11.
5
What is the remainder when 1891923 is divided by 210213?
6
Calculate the remainder when 1115518 is divided by 1048.
446
What is the remainder when 70126 is divided by 1774?
940
Calculate the remainder when 9063756 is divided by 14.
2
Calculate the remainder when 118871 is divided by 3140.
2691
What is the remainder when 42047291 is divided by 113?
104
What is the remainder when 428840 is divided by 136?
32
What is the remainder when 21561 is divided by 10249?
1063
Calculate the remainder when 3198441 is divided by 127937.
16
Calculate the remainder when 2624464 is divided by 2624141.
323
Calculate the remainder when 5485465 is divided by 23145.
100
What is the remainder when 1871673 is divided by 36?
33
What is the remainder when 44057 is divided by 3085?
867
Calculate the remainder when 130617 is divided by 65209.
199
What is the remainder when 8605 is divided by 8258?
347
What is the remainder when 8218353 is divided by 371?
332
Calculate the remainder when 4990659 is divided by 48.
3
Calculate the remainder when 821888 is divided by 625.
13
Calculate the remainder when 8243258 is divided by 4121589.
80
Calculate the remainder when 1283136 is divided by 4035.
6
What is the remainder when 269121 is divided by 268961?
160
What is the remainder when 31711 is divided by 103?
90
Calculate the remainder when 14912 is divided by 2288.
1184
Calculate the remainder when 667878493 is divided by 7675.
7668
Calculate the remainder when 68384 is divided by 1067.
96
Calculate the remainder when 6955006 is divided by 8.
6
What is the remainder when 145787633 is divided by 145?
138
Calculate the remainder when 20642130 is divided by 2405.
15
What is the remainder when 1438604 is divided by 479382?
458
What is the remainder when 1001007 is divided by 2685?
2187
What is the remainder when 2697951 is divided by 607?
443
What is the remainder when 1158818 is divided by 21863?
79
What is the remainder when 602200 is divided by 580?
160
Calculate the remainder when 116689513 is divided by 89.
11
What is the remainder when 3115410 is divided by 370?
10
What is the remainder when 780890 is divided by 130144?
26
Calculate the remainder when 229580 is divided by 12741.
242
Calculate the remainder when 5351965 is divided by 228.
121
What is the remainder when 22013638 is divided by 285891?
31
What is the remainder when 31125804 is divided by 3034?
3032
Calculate the remainder when 1510017 is divided by 3692.
3681
What is the remainder when 276569 is divided by 27654?
29
Calculate the remainder when 3949 is divided by 141.
1
Calculate the remainder when 12026418 is divided by 10973.
10
What is the remainder when 14446968 is divided by 3611736?
24
What is the remainder when 51603612 is divided by 17201201?
9
Calculate the remainder when 108987 is divided by 854.
529
What is the remainder when 3194721 is divided by 1292?
897
What is the remainder when 9678888 is divided by 197528?
16
What is the remainder when 2238015 is divided by 3961?
50
What is the remainder when 2888 is divided by 396?
116
What is the remainder when 46753258 is divided by 1377?
1354
What is the remainder when 611182 is divided by 3924?
2962
Calculate the remainder when 8178155 is divided by 817814.
15
Calculate the remainder when 9105142 is divided by 4552560.
22
Calculate the remainder when 232791 is divided by 2254.
629
Calculate the remainder when 3523542 is divided by 6936.
54
Calculate the remainder when 222896751 is divided by 60.
51
What is the remainder when 5279406 is divided by 10?
6
Calculate the remainder when 112094163 is divided by 80.
3
What is the remainder when 100130 is divided by 1785?
170
What is the remainder when 47257815 is divided by 97?
94
Calculate the remainder when 20886323 is divided by 1392421.
8
Calculate the remainder when 1380911 is divided by 1380883.
28
What is the remainder when 209189 is divided by 69653?
230
What is the remainder when 681832 is divided by 1478?
474
Calculate the remainder when 24232 is divided by 3337.
873
What is the remainder when 2576972 is divided by 452?
120
Calculate the remainder when 1228053 is divided by 11829.
9666
What is the remainder when 2783752 is divided by 1315?
1212
Calculate the remainder when 494073725 is divided by 64.
61
What is the remainder when 105032343 is divided by 9578?
9573
Calculate the remainder when 960314 is divided by 119986.
426
Calculate the remainder when 16193254 is divided by 4857.
16
What is the remainder when 3933506 is divided by 357589?
27
Calculate the remainder when 334148 is divided by 2631.
11
What is the remainder when 6574950 is divided by 295?
285
What is the remainder when 2124001 is divided by 789?
13
What is the remainder when 8878365 is divided by 4?
1
What is the remainder when 31848186 is divided by 624474?
12
What is the remainder when 10305607 is divided by 5152798?
11
Calculate the remainder when 137749 is divided by 10.
9
What is the remainder when 119740342 is divided by 1446?
1420
What is the remainder when 230365679 is divided by 4944?
4943
What is the remainder when 43414 is divided by 42523?
891
Calculate the remainder when 297634 is divided by 297079.
555
What is the remainder when 49054 is divided by 9628?
914
What is the remainder when 15475194 is divided by 800?
794
Calculate the remainder when 67041 is divided by 3227.
2501
Calculate the remainder when 1333433 is divided by 394.
137
Calculate the remainder when 72926 is divided by 2480.
1006
Calculate the remainder when 1718520 is divided by 2694.
2442
Calculate the remainder when 604200 is divided by 1905.
315
What is the remainder when 429633 is divided by 6713?
1
Calculate the remainder when 12555354 is divided by 44.
42
What is the remainder when 2516011 is divided by 130?
121
Calculate the remainder when 3562361 is divided by 508899.
68
What is the remainder when 56702699 is divided by 290783?
14
Calculate the remainder when 3871874 is divided by 90043.
25
What is the remainder when 53578709 is divided by 9488?
9461
Calculate the remainder when 164359 is divided by 52376.
7231
Calculate the remainder when 23711683 is divided by 272548.
7
What is the remainder when 155582 is divided by 1242?
332
What is the remainder when 64237 is divided by 6332?
917
What is the remainder when 10320 is divided by 3684?
2952
What is the remainder when 101957 is divided by 6394?
6047
What is the remainder when 102231 is divided by 16858?
1083
What is the remainder when 894755 is divided by 5699?
12
Calculate the remainder when 143968442 is divided by 933.
11
Calculate the remainder when 104426987 is divided by 2155.
2152
Calculate the remainder when 20745987 is divided by 3632.
3
What is the remainder when 180242 is divided by 310?
132
What is the remainder when 203452 is divided by 44?
40
What is the remainder when 29589 is divided by 25296?
4293
Calculate the remainder when 162995 is divided by 349.
12
What is the remainder when 373903715 is divided by 2366?
3
Calculate the remainder when 9873645 is divided by 635.
30
What is the remainder when 468144 is divided by 1139?
15
Calculate the remainder when 1189219 is divided by 294.
283
What is the remainder when 235683 is divided by 2620?
2503
What is the remainder when 1454339 is divided by 1699?
1694
What is the remainder when 1416144 is divided by 31?
2
What is the remainder when 99363021 is divided by 106?
105
What is the remainder when 212579 is divided by 3218?
191
Calculate the remainder when 269126 is divided by 4271.
53
Calculate the remainder when 8006795 is divided by 33.
5
What is the remainder when 38856 is divided by 3176?
744
Calculate the r